uate (6 - (-1 + -1)) + (-5427 - -5396).
-23
Calculate (1 + 0 - 36) + (3092 - 3070).
-13
-20 + (9 - (20 - 28)) - (3 - 12)
6
Evaluate -26 + (54 - (-21 + 37)) + 5.
17
(1494 - 1452 - (73 - 2)) + -63
-92
Calculate 96 + -67 + -54 + 39.
14
-67 + 46 + (-39 - -42)
-18
What is the value of 21 + -44 + 32 + -17 + 0?
-8
-71 - (13 + 4 + -63)
-25
Evaluate (-25 - -61) + -46 + (2 - (-94 + -4)).
90
What is -19 + 12 + -3 + (-10 - -4) + 16 + -8?
-8
What is -55 + 59 - -14 - (5 - 82 - -5)?
90
Calculate (16 - (12 - -4) - -20) + (10 - 38).
-8
What is the value of -10 + (4 - (-11 + 12)) + 8 + -4?
-3
What is the value of 17 + (-8 - -9) + -16 - 46?
-44
Evaluate -1 + 69 + 17 + (-25 - -9) + 0 + -2.
67
What is the value of (20 - (6 - 8)) + 38 + -1 + (10 - -1)?
70
What is 89 + -22 + (-14 - -1 - 7)?
47
56 + -148 + (20 - 10 - -10)
-72
0 + 4 - 10 - (7 - -9 - 34 - 5)
17
(1881 - 2001) + (-6 - -233)
107
What is 2 + 8 + (8 - -13)?
31
7 - (27 + 6 + -17) - (-32 - 0)
23
What is the value of 6 - (-2 + 30 - (87 - 108))?
-43
(7 - ((2 + -2 - -14) + -9)) + 18
20
What is 21 + -24 + (29 - (33 + -36))?
29
What is the value of (9 - 7 - -9) + -15 + -3 - -28?
21
Calculate -2 + (11 - (-2 - (-5 + 10)) - 9) + -55.
-48
What is the value of (1 - 3) + (6 - 16 - -43) - -10?
41
Calculate 3 - (17 + -14 - 36).
36
Evaluate -159 + 282 + -39 - (-3 + (-6 + 1 - -1)).
91
What is (-42 - -5) + 12 + (-14 - -16) + -2?
-25
Evaluate (20 - 88) + 139 - (-2 + 0 + 5 + -1).
69
Calculate (86 - 1) + -24 + (295 - 292) + (1 - -10).
75
What is 2 - (-35 + (8 - -17)) - 68?
-56
Calculate 1 + 1 - -24 - (-6010 + 6018).
18
Evaluate 3 - -88 - (61 + -76 - -37).
69
(3 - 5) + -20 - (-33 + (18 - (-11 + 4)))
-14
Calculate (-26 + 4 + 30 - -35) + -3.
40
What is the value of (0 + 1 - -8) + (-1105 - -1012) + 3 + 26?
-55
Evaluate -69 + 7 + 139 - 103.
-26
Evaluate 0 + (8 + (-1 - 4) + 2 - (-85 + 92)).
-2
What is -14 + 32 + -50 + (1 - 3) + 0?
-34
What is (-8 - -2) + 30 + 5?
29
What is -300 - -240 - (-153 + -36)?
129
What is the value of 23516 - 23517 - (0 + 0 + (-24 - 1))?
24
What is the value of 55 - (-7 + -50 - -29)?
83
Calculate -199 + 264 + -132 + 25.
-42
Evaluate -34 + (-131 - -101 - -94).
30
Evaluate -3170 + 3245 + ((-5 - -2) + 0 - 9).
63
What is the value of -5 + (12 - 6 - (3 - 6)) - 87?
-83
Evaluate -72 - (92 - 166) - (0 + (-1 - -2) - -47).
-46
-917 + 930 + -14 + -1
-2
Evaluate 33 - 43 - (11 + -30).
9
Evaluate -3558 + 3467 - (-37 - -2).
-56
What is 58 + -49 + 25 - 19?
15
What is the value of 45 - 32 - 44 - 3 - -104?
70
Calculate 76 - (11 + 9) - -11.
67
Calculate (15 - (12 + -12 + 7 - -4)) + (64 - 1).
67
What is (2 + -5 - -16) + (46 + -5 - -7) - 13?
48
What is 9380 + -9284 - (1 - -57)?
38
-24 - (50 + -44 + 8 + -2)
-36
Evaluate 3 - (-9 + (0 - -4 - -5) - -16).
-13
Calculate (-719 - -705) + 0 + -7 - -32.
11
(298 - 317) + (-1 - -18) - (23 + 0)
-25
What is the value of 7565 + -7713 - (-141 - 3)?
-4
Evaluate (-18 + 0 - -1 - 11) + (2 - -1).
-25
14 + 13 + -23 + 11 - (-55 + 14)
56
What is the value of 97 - (77 + (-33 - -12) - 16)?
57
What is (-51 - 0) + (47 - 45) + 34 + -43?
-58
-6 + -17 - (-1 + -70 - 12)
60
What is the value of 45 - (-2 - -2) - (23071 - 23052)?
26
Evaluate -2 - 15 - (-37 + 72 + -33 + 20).
-39
What is the value of 54 - (15 - 21 - (8 - 30))?
38
What is (1218 - 1227) + (-40 + 6 - (-6 - -2)) + 4?
-35
What is (16 - 18) + 66 - (-12 - -18)?
58
What is the value of -33 + (-37 - -48) + 29 + -153?
-146
What is 5 - -8 - (-57 - (-34 - -41)) - (-13 + -1)?
91
Calculate 90 - ((-15 - -10) + 13 + -14 - (1 - 8)).
89
Evaluate (7 - -16 - 5) + -19 + 7.
6
-75 - -37 - -38 - 19
-19
Evaluate 0 + -15 - (-9 + -47 - -49).
-8
What is 18 + 30 + -15 + 57 + -72?
18
-12 - (86 + -44 - 62)
8
Evaluate (-4 + 69 - (-256 - -246)) + 0.
75
Evaluate 84 + 19 + -66 + 47.
84
What is -72 + (23 + -11 + 32 - 23) + 0 + -14?
-65
Calculate (-182 - -180) + -6 + -29 + -4.
-41
(-13 + 0 + 13 - 28) + 16 - 18
-30
Evaluate -8 + 2 - (22 + -60 + 13).
19
What is the value of 2 + 12 - (54 + -56 - 3)?
19
What is 11 + -109 + -25 + (-2 - 0 - -3) + -7?
-129
What is the value of (-15 - (-5 - -3)) + 23 - (69 - -11)?
-70
What is -37 - (-2 - 0) - (228 - 173)?
-90
113 - (90 + (114 - 132))
41
(12 - (102 + 7 + -14)) + 23
-60
What is (-567 + 600 - (34 + -2)) + (-3 - -28)?
26
What is the value of (-4 + -4 + 61 - 5) + (-112 - -100)?
36
Evaluate (-38 - (56 + -36 + -53)) + (138 - 0).
133
Evaluate 29 - 0 - (-3238 + 3296).
-29
What is the value of -38 + (12 - (32 - 15))?
-43
Calculate 13 + (3 - 20) - (-12 - -5).
3
What is the value of -228 - -261 - (-6 - -56)?
-17
-10 + (-85 + 44 - -45) - (1 - -2)
-9
What is the value of 0 - -6 - (8 + 16) - (68 - 8)?
-78
Evaluate 5 + -66 + (386 - 337).
-12
Calculate 43 + (19 - 67) + -23.
-28
Evaluate -586 + 195 + 495 - (2 + -2 + (1 - 9)).
112
14 + (-10 - 5) + (-133 + -6 - -26)
-114
(-13 - ((606 - 615) + -1 + -2)) + 98
97
Evaluate 18 + -5 + (3 - 1 - 1) + -1 + 76.
89
Calculate -5 + 29 - (-1 + 6 - -16).
3
What is 6 + -5 + (29 - (0 + 31)) + 72?
71
Calculate 9 + (2 - (7 - 2)) + (12 - 11).
7
What is 12 + (7 - 1) + (-2 - (-25 + 17 + 1))?
23
(-14 - -10 - (41 - (0 + -2))) + 1463 + -1462
-46
Evaluate (12 - 11 - 12) + 82 + (9 - 10).
70
Calculate -97 - (-109 + 48 + 42).
-78
Calculate -1 + 40 - (-1117 + 1163).
-7
Calculate 0 - 2 - (-37 - (-28 - 2)) - (35 - 1).
-29
Calculate (0 - (6 - 17)) + (-1 - -8).
18
12 + (10 - (-18 + 17 + 3))
20
What is the value of 17 + 4 - (127 + (-16 - -11 - -7))?
-108
What is the value of -65832 - -65862 - ((0 + 2 - 4) + 20)?
12
What is -3 + (22 - 12) + 2 + -50 + 4 + -1?
-38
What is (5 - (52 - (-6 + 1))) + (95 - 29) + -69?
-55
What is the value of -39 + (-43 - -17 - -13) + 33?
-19
Calculate (0 + -8 - -18) + -11 + (25 - 27).
-3
What is the value of 25 - (-17 - 9) - 36?
15
Evaluate (0 - -19) + -15 + 15 + -61.
-42
-63 + 49 - (-5 + 10 + -22 - 6)
9
What is (16 - 16 - 9) + 14 - -37?
42
What is the value of -59 + -9 - (11 + (-3 - (16 - 12)))?
-72
Calculate 6 - ((3 + 4 - -4 - 78) + (-4 - -4)).
73
Evaluate 0 + -13 + 2 + -99 + 11 + 127.
28
What is the value of ((-9 - -2) + 8 - (1 - -5)) + -3?
-8
What is the value of (3 - -1) + 7577 + -7583?
-2
What is the value of -27 + 79 + (2 - 22) + 15?
47
Calculate -7 + (23 - (3 + 20) - 18).
-25
Evaluate -3 + (16 - (-39 + 98) - 19).
-65
What is the value of 2 + -54 - (-11 - -11)?
-52
Calculate 35 + -29 - -4 - (-8 + 5 - -31).
-18
Calculate 1 + (-128 + 118 + (-53 - 2) - 0).
-64
What is -6 - (-10 - -3 - ((44 - 33) + -3))?
9
Calculate (-108 - -105) + -16 + -22.
-41
Evaluate 11 + (13 + -17 + 19 - 20).
6
Calculate (-1 - ((-58 - -4) + 7)) + 8 + 0 + -5.
49
40 + -42 + -46 - -39
-9
What is -1 + -8 - (-4 + -9 + -6 + 14)?
-4
Evaluate 131 + (52 - -68 - 160).
91
Evaluate -3 - -1 - 1 - (-141 + (179 - 44)).
3
What is -57 + -19 + (3 - (5 + -24 + 7))?
-61
Calculate 37 - -2 - (-160 - -151).
48
(-36 - (-48 - -3)) + (-3 - 28)
-22
Evaluate -20 - -3 - (-20 + 11) - (1 + 16).
-25
What is (3 - 6) + 8 - (-15 + 11 + 0 - 38)?
47
Evaluate -207 + 216 - (0 - 4) - -9.
22
16 + (-54 - -27) + -4 + 3 + 16
4
Evaluate (-19 - -46) + -29 + -2 + 28 + 1 + 0.
25
What is 26 + -32 + 24 - (-2 - -58)?
-38
What is the value of 6 - -2 - (18 + 0 - (35 + -52 + 7))?
-20
59 + -32 + -15 + -8
4
What is (12 - (-1 + 10 + (33 - 4 - 23))) + 65?
62
Evaluate 62 - (-46 + -5 - -17).
96
What is the value of 1 + (-1 - (0 + -16 + -6))?
22
Evaluate 27 - (51 + (-55 - -41)).
-10
Evaluate -18 - 20 - (4 + -8 - -15 - (-99 + 108)).
-40
Calculate (0 - -19) + -3 + (136 - 43) + -183.
-74
Calculate -75 + -10 - ((6 + 9 - 4) + -18 - -13).
-91
Calculate 7 + -35 - (-36 - -56) - -20.
-28
Evaluate 2 + 15 - (-2559 - -2513).
63
What is -62 - ((-67 - -38) + -58)?
25
What is 9 + -2 - (-16 + (21 - (-10 + 27)))?
19
Calculate 14 - (20 + -23) - 29 - 9.
-21
Evaluate 105 + 52 + (-159 - -82).
80
What is -82 + 130 + -14 + -87?
-53
What is (10 - (-3 + 7)) + -42 - (-10 - -16)?
-42
What is (-77 - (-1 + -1 + 0)) + (10 - (-87 - -102))?
-80
(101 - 68) + -8 + 1 + (-6 - -13) + 4
37
(80 - (2 - -38)) + -81
-41
What is 37 - (41 + 26 - 34)?
4
Calculate 3 - (42 - 35) - (3 - -83).
-90
Evaluate (-84 + -19 - -53) + 67.
17
Calculate 47 - (-84 + (2 - -201)).
-72
Calculate (-7 - -34) + -24 + -42 - (8 + 7).
-54
Evaluate -19 - -14 - (-160 - -210).
-55
0 - (-19 + 13 - (7 - 3 - 2))
8
What is -79 - (-6 - ((-11 - (3 - 0)) + -11) - 7)?
-91
What is t